{"id":701,"date":"2025-01-12T16:17:01","date_gmt":"2025-01-12T15:17:01","guid":{"rendered":"https:\/\/lexcab.fr\/?page_id=701"},"modified":"2025-07-11T18:18:21","modified_gmt":"2025-07-11T16:18:21","slug":"mentions-legales","status":"publish","type":"page","link":"https:\/\/lexcab.fr\/index.php\/mentions-legales\/","title":{"rendered":"mentions l\u00e9gales"},"content":{"rendered":"\t\t<div data-elementor-type=\"wp-page\" data-elementor-id=\"701\" class=\"elementor elementor-701\" data-elementor-post-type=\"page\">\n\t\t\t\t<div class=\"elementor-element elementor-element-ac36ac0 e-flex e-con-boxed e-con e-parent\" data-id=\"ac36ac0\" data-element_type=\"container\" data-e-type=\"container\" data-settings=\"{&quot;background_background&quot;:&quot;slideshow&quot;,&quot;background_slideshow_gallery&quot;:[{&quot;id&quot;:186,&quot;url&quot;:&quot;http:\\\/\\\/lexcab.fr\\\/wp-content\\\/uploads\\\/2024\\\/11\\\/man-5806012_1280.jpg&quot;}],&quot;background_slideshow_loop&quot;:&quot;yes&quot;,&quot;background_slideshow_slide_duration&quot;:5000,&quot;background_slideshow_slide_transition&quot;:&quot;fade&quot;,&quot;background_slideshow_transition_duration&quot;:500}\">\n\t\t\t\t\t<div class=\"e-con-inner\">\n\t\t\t\t<div class=\"elementor-element elementor-element-c202c92 elementor-widget__width-initial elementor-widget elementor-widget-heading\" data-id=\"c202c92\" data-element_type=\"widget\" data-e-type=\"widget\" data-widget_type=\"heading.default\">\n\t\t\t\t<div class=\"elementor-widget-container\">\n\t\t\t\t\t<h2 class=\"elementor-heading-title elementor-size-default\">Mentions l\u00e9gales<\/h2>\t\t\t\t<\/div>\n\t\t\t\t<\/div>\n\t\t\t\t\t<\/div>\n\t\t\t\t<\/div>\n\t\t<div class=\"elementor-element elementor-element-4fae655a e-flex e-con-boxed e-con e-parent\" data-id=\"4fae655a\" data-element_type=\"container\" data-e-type=\"container\">\n\t\t\t\t\t<div class=\"e-con-inner\">\n\t\t\t\t<div class=\"elementor-element elementor-element-bd67742 elementor-widget elementor-widget-text-editor\" data-id=\"bd67742\" data-element_type=\"widget\" data-e-type=\"widget\" data-widget_type=\"text-editor.default\">\n\t\t\t\t<div class=\"elementor-widget-container\">\n\t\t\t\t\t\t\t\t\t<p dir=\"ltr\" style=\"line-height: 1.2; text-align: center; margin-top: 0pt; margin-bottom: 0pt;\"><span style=\"text-align: var(--text-align); font-size: 1rem;\">&nbsp;<\/span><\/p>\n<p dir=\"ltr\" style=\"line-height: 1.2; text-align: justify; margin-top: 0pt; margin-bottom: 12pt;\"><span style=\"font-size: 11pt; font-family: Roboto,sans-serif; color: #232120; background-color: transparent; font-weight: bold; font-style: normal; font-variant: normal; text-decoration: none; vertical-align: baseline; white-space: pre-wrap;\">Qui sommes-nous ?&nbsp;<\/span><\/p>\n<p dir=\"ltr\" style=\"line-height: 1.2; text-align: justify; margin-top: 0pt; margin-bottom: 12pt;\"><span style=\"font-size: 11pt; font-family: Roboto,sans-serif; color: #232120; background-color: transparent; font-weight: 400; font-style: normal; font-variant: normal; text-decoration: none; vertical-align: baseline; white-space: pre-wrap;\">Le site <\/span><a style=\"text-decoration: none;\" href=\"http:\/\/www.lexcab.fr\/\"><span style=\"font-size: 11pt; font-family: Roboto,sans-serif; color: #1155cc; background-color: transparent; font-weight: 400; font-style: normal; font-variant: normal; text-decoration: underline; -webkit-text-decoration-skip: none; text-decoration-skip-ink: none; vertical-align: baseline; white-space: pre-wrap;\">www.lexcab.fr<\/span><\/a> <span style=\"font-size: 11pt; font-family: Roboto,sans-serif; color: #000000; background-color: transparent; font-weight: 400; font-style: normal; font-variant: normal; text-decoration: none; vertical-align: baseline; white-space: pre-wrap;\">est \u00e9dit\u00e9 par la soci\u00e9t\u00e9 LEXCAB, Soci\u00e9t\u00e9 d&#8217;exercice lib\u00e9ral par action simplifi\u00e9e au capital de 1.000,00 \u20ac, inscrite au barreau de Paris et inscrite au RCS de Paris sous le num\u00e9ro 887 671 352, dont le si\u00e8ge est situ\u00e9 190, boulevard Haussmann, 75008 Paris,<\/span><\/p>\n<p dir=\"ltr\" style=\"line-height: 1.2; text-align: justify; margin-top: 0pt; margin-bottom: 12pt;\"><span style=\"background-color: transparent; color: #000000; font-size: 11pt; white-space-collapse: preserve;\">Num\u00e9ro individuel d\u2019identification d\u2019assujetti \u00e0 la TVA : FR659304073662<\/span><\/p>\n<div><span style=\"font-size: 11pt; color: #000000; background-color: transparent; font-variant-numeric: normal; font-variant-east-asian: normal; font-variant-alternates: normal; font-variant-position: normal; font-variant-emoji: normal; vertical-align: baseline; white-space-collapse: preserve;\"><br><\/span>SIRET :&nbsp;93040736600010<br><span style=\"font-size: 11pt; color: #000000; background-color: transparent; font-variant-numeric: normal; font-variant-east-asian: normal; font-variant-alternates: normal; font-variant-position: normal; font-variant-emoji: normal; vertical-align: baseline; white-space-collapse: preserve;\"><br><\/span><\/div>\n<p dir=\"ltr\" style=\"line-height: 1.2; text-align: justify; margin-top: 0pt; margin-bottom: 12pt;\"><span style=\"font-size: 11pt; font-family: Roboto,sans-serif; color: #000000; background-color: transparent; font-weight: 400; font-style: normal; font-variant: normal; text-decoration: none; vertical-align: baseline; white-space: pre-wrap;\">T\u00e9l\u00e9phone : 33 (0) 6 20 38 2844<\/span><\/p>\n<p dir=\"ltr\" style=\"line-height: 1.2; text-align: justify; margin-top: 0pt; margin-bottom: 12pt;\"><span style=\"font-size: 11pt; font-family: Roboto,sans-serif; color: #000000; background-color: transparent; font-weight: 400; font-style: normal; font-variant: normal; text-decoration: none; vertical-align: baseline; white-space: pre-wrap;\">Email : hello@lexcab.fr<\/span><\/p>\n<p dir=\"ltr\" style=\"line-height: 1.2; text-align: justify; margin-top: 0pt; margin-bottom: 12pt;\"><span style=\"font-size: 11pt; font-family: Roboto,sans-serif; color: #000000; background-color: transparent; font-weight: 400; font-style: normal; font-variant: normal; text-decoration: none; vertical-align: baseline; white-space: pre-wrap;\">Directeur de la publication : Gr\u00e9gory Cauvin \u00e9lisant domicile au si\u00e8ge de la soci\u00e9t\u00e9 Lexcab, <\/span><span style=\"color: #000000; font-size: 14.6667px; white-space-collapse: preserve; font-family: var( --e-global-typography-text-font-family ), Sans-serif; font-weight: var( --e-global-typography-text-font-weight );\">190, boulevard Haussmann, 75008 Paris.<\/span><\/p>\n<p dir=\"ltr\" style=\"line-height: 1.2; text-align: justify; margin-top: 0pt; margin-bottom: 12pt;\"><span style=\"background-color: transparent; color: #000000; font-size: 11pt; font-weight: bold; white-space-collapse: preserve;\">Chez qui est h\u00e9berg\u00e9 le site ?&nbsp;<\/span><\/p>\n<p dir=\"ltr\" style=\"line-height: 1.2; text-align: justify; margin-top: 0pt; margin-bottom: 12pt;\"><span style=\"font-size: 11pt; font-family: Roboto,sans-serif; color: #000000; background-color: transparent; font-weight: 400; font-style: normal; font-variant: normal; text-decoration: none; vertical-align: baseline; white-space: pre-wrap;\">Le site internet, accessible \u00e0 l\u2019adresse <\/span><a style=\"text-decoration: none;\" href=\"http:\/\/www.lexcab.fr\"><span style=\"font-size: 11pt; font-family: Roboto,sans-serif; color: #1155cc; background-color: transparent; font-weight: 400; font-style: normal; font-variant: normal; text-decoration: underline; -webkit-text-decoration-skip: none; text-decoration-skip-ink: none; vertical-align: baseline; white-space: pre-wrap;\">www.lexcab.fr<\/span><\/a><span style=\"font-size: 11pt; font-family: Roboto,sans-serif; color: #000000; background-color: transparent; font-weight: 400; font-style: normal; font-variant: normal; text-decoration: none; vertical-align: baseline; white-space: pre-wrap;\">, est h\u00e9berg\u00e9e chez :&nbsp;<\/span><\/p>\n<p dir=\"ltr\" style=\"line-height: 1.2; text-align: justify; margin-top: 0pt; margin-bottom: 12pt;\"><span style=\"font-size: 11pt; font-family: Roboto,sans-serif; color: #000000; background-color: transparent; font-weight: 400; font-style: normal; font-variant: normal; text-decoration: none; vertical-align: baseline; white-space: pre-wrap;\">OVH<\/span><span style=\"font-size: 11pt; font-family: Roboto,sans-serif; color: #000000; background-color: transparent; font-weight: 400; font-style: normal; font-variant: normal; text-decoration: none; vertical-align: baseline; white-space: pre-wrap;\"><br><\/span><span style=\"font-size: 11pt; font-family: Roboto,sans-serif; color: #000000; background-color: transparent; font-weight: 400; font-style: normal; font-variant: normal; text-decoration: none; vertical-align: baseline; white-space: pre-wrap;\">SAS au capital de 50 000 000 \u20ac<\/span><span style=\"font-size: 11pt; font-family: Roboto,sans-serif; color: #000000; background-color: transparent; font-weight: 400; font-style: normal; font-variant: normal; text-decoration: none; vertical-align: baseline; white-space: pre-wrap;\"><br><\/span><span style=\"font-size: 11pt; font-family: Roboto,sans-serif; color: #000000; background-color: transparent; font-weight: 400; font-style: normal; font-variant: normal; text-decoration: none; vertical-align: baseline; white-space: pre-wrap;\">RCS Lille M\u00e9tropole 424 761 419 00045<\/span><span style=\"font-size: 11pt; font-family: Roboto,sans-serif; color: #000000; background-color: transparent; font-weight: 400; font-style: normal; font-variant: normal; text-decoration: none; vertical-align: baseline; white-space: pre-wrap;\"><br><\/span><span style=\"font-size: 11pt; font-family: Roboto,sans-serif; color: #000000; background-color: transparent; font-weight: 400; font-style: normal; font-variant: normal; text-decoration: none; vertical-align: baseline; white-space: pre-wrap;\">Si\u00e8ge social : 2 rue Kellermann &#8211; 59100 Roubaix &#8211; France<\/span><\/p>\n<p dir=\"ltr\" style=\"line-height: 1.2; text-align: justify; margin-top: 0pt; margin-bottom: 0pt;\"><span style=\"font-size: 11pt; font-family: Roboto,sans-serif; color: #000000; background-color: transparent; font-weight: bold; font-style: normal; font-variant: normal; text-decoration: none; vertical-align: baseline; white-space: pre-wrap;\">En cas de litige, puis-je saisir un m\u00e9diateur :&nbsp;<\/span><\/p>\n<p><b style=\"font-weight: normal;\">&nbsp;<\/b><\/p>\n<p dir=\"ltr\" style=\"line-height: 1.2; text-align: justify; margin-top: 0pt; margin-bottom: 0pt;\"><span style=\"font-size: 11pt; font-family: Roboto,sans-serif; color: #000000; background-color: transparent; font-weight: 400; font-style: normal; font-variant: normal; text-decoration: none; vertical-align: baseline; white-space: pre-wrap;\">Conform\u00e9ment aux dispositions des articles L. 612-1 et suivants du Code de la consommation, vous avez la possibilit\u00e9 en qualit\u00e9 de consommateur, apr\u00e8s avoir tent\u00e9 au pr\u00e9alable de r\u00e9soudre \u00e0 l\u2019amiable, de recourir gratuitement au M\u00e9diateur de la Consommation aupr\u00e8s du Conseil National des Barreaux (CNB) dont les coordonn\u00e9es sont les suivantes&nbsp;:<\/span><\/p>\n<p><b style=\"font-weight: normal;\">&nbsp;<\/b><\/p>\n<p dir=\"ltr\" style=\"line-height: 1.2; text-align: justify; margin-top: 0pt; margin-bottom: 0pt;\"><span style=\"font-size: 11pt; font-family: Roboto,sans-serif; color: #000000; background-color: transparent; font-weight: 400; font-style: normal; font-variant: normal; text-decoration: none; vertical-align: baseline; white-space: pre-wrap;\">CNB-M\u00e9diateur \u00e0 la consommation &#8211; 180 Boulevard Haussmann 75008 PARIS<\/span><\/p>\n<p dir=\"ltr\" style=\"line-height: 1.2; text-align: justify; margin-top: 0pt; margin-bottom: 0pt;\"><span style=\"font-size: 11pt; font-family: Roboto,sans-serif; color: #000000; background-color: transparent; font-weight: 400; font-style: normal; font-variant: normal; text-decoration: none; vertical-align: baseline; white-space: pre-wrap;\">Mail&nbsp;: <\/span><a style=\"text-decoration: none;\" href=\"mailto:mediateur@mediateur-consommation-avocat.fr\"><span style=\"font-size: 11pt; font-family: Roboto,sans-serif; color: #0000ff; background-color: transparent; font-weight: 400; font-style: normal; font-variant: normal; text-decoration: underline; -webkit-text-decoration-skip: none; text-decoration-skip-ink: none; vertical-align: baseline; white-space: pre-wrap;\">mediateur@mediateur-consommation-avocat.fr<\/span><\/a><\/p>\n<p dir=\"ltr\" style=\"line-height: 1.2; text-align: justify; margin-top: 0pt; margin-bottom: 0pt;\"><span style=\"font-size: 11pt; font-family: Roboto,sans-serif; color: #000000; background-color: transparent; font-weight: 400; font-style: normal; font-variant: normal; text-decoration: none; vertical-align: baseline; white-space: pre-wrap;\">Site internet&nbsp;: <\/span><a style=\"text-decoration: none;\" href=\"https:\/\/mediateur-consommation-avocat.fr\"><span style=\"font-size: 11pt; font-family: Roboto,sans-serif; color: #0000ff; background-color: transparent; font-weight: 400; font-style: normal; font-variant: normal; text-decoration: underline; -webkit-text-decoration-skip: none; text-decoration-skip-ink: none; vertical-align: baseline; white-space: pre-wrap;\">https:\/\/mediateur-consommation-avocat.fr<\/span><\/a><\/p>\n<p dir=\"ltr\" style=\"line-height: 1.2; text-align: justify; margin-top: 0pt; margin-bottom: 0pt;\"><span style=\"font-size: 11pt; font-family: Roboto,sans-serif; color: #000000; background-color: transparent; font-weight: 400; font-style: normal; font-variant: normal; text-decoration: none; vertical-align: baseline; white-space: pre-wrap;\">Lexcab vous infome que ne peuvent \u00eatre soumis au m\u00e9diateur les litiges pour lesquels, la demande est manifestement infond\u00e9e ou abusive, ou a \u00e9t\u00e9 pr\u00e9c\u00e9demment examin\u00e9e ou est en cours d\u2019examen par un autre m\u00e9diateur ou par un tribunal. Il en est de m\u00eame si vous avez a introduit votre demande aupr\u00e8s du m\u00e9diateur dans un d\u00e9lai sup\u00e9rieur \u00e0 un an \u00e0 compter de votre r\u00e9clamation \u00e9crite aupr\u00e8s de Lexcab ou si le litige n\u2019entre pas dans le champ de comp\u00e9tence du m\u00e9diateur, ou enfin si vous ne justifiez pas avoir tent\u00e9, au pr\u00e9alable, de r\u00e9soudre son litige directement aupr\u00e8s du cabinet par une r\u00e9clamation \u00e9crite.<\/span><\/p>\n<p><span style=\"font-size: 11pt; color: #000000; background-color: transparent; font-variant-numeric: normal; font-variant-east-asian: normal; font-variant-alternates: normal; font-variant-position: normal; font-variant-emoji: normal; vertical-align: baseline; white-space-collapse: preserve;\"><span style=\"font-size: 14.6667px; text-align: justify;\">Lexcab vous infome<\/span> \u00e9galement de l\u2019existence d\u2019une plateforme de R\u00e8glement en Ligne des Litiges (\u00ab RLL \u00bb) \u00e0 laquelle vous avez la possibilit\u00e9 de recourir en votre qualit\u00e9 de consommateur depuis le lien suivant : <\/span><a style=\"text-decoration-line: none;\" href=\"http:\/\/ec.europa.eu\/consumers\/odr\/\"><span style=\"font-size: 11pt; color: #039be5; font-variant-numeric: normal; font-variant-east-asian: normal; font-variant-alternates: normal; font-variant-position: normal; font-variant-emoji: normal; text-decoration-line: underline; text-decoration-skip-ink: none; vertical-align: baseline; white-space-collapse: preserve;\">http:\/\/ec.europa.eu\/consumers\/odr\/<\/span><\/a><span style=\"font-size: 11pt; color: #334155; font-variant-numeric: normal; font-variant-east-asian: normal; font-variant-alternates: normal; font-variant-position: normal; font-variant-emoji: normal; vertical-align: baseline; white-space-collapse: preserve;\">.<\/span><\/p>\t\t\t\t\t\t\t\t<\/div>\n\t\t\t\t<\/div>\n\t\t\t\t\t<\/div>\n\t\t\t\t<\/div>\n\t\t<div class=\"elementor-element elementor-element-c41d84e e-flex e-con-boxed e-con e-parent\" data-id=\"c41d84e\" data-element_type=\"container\" data-e-type=\"container\">\n\t\t\t\t\t<div class=\"e-con-inner\">\n\t\t\t\t\t<\/div>\n\t\t\t\t<\/div>\n\t\t\t\t<\/div>\n\t\t","protected":false},"excerpt":{"rendered":"<p>Mentions l\u00e9gales &nbsp; Qui sommes-nous ?&nbsp; Le site www.lexcab.fr est \u00e9dit\u00e9 par la soci\u00e9t\u00e9 LEXCAB, Soci\u00e9t\u00e9 d&#8217;exercice lib\u00e9ral par action simplifi\u00e9e au capital de 1.000,00 \u20ac, inscrite au barreau de Paris et inscrite au RCS de Paris sous le num\u00e9ro 887 671 352, dont le si\u00e8ge est situ\u00e9 190, boulevard Haussmann, 75008 Paris, Num\u00e9ro individuel [&hellip;]<\/p>\n","protected":false},"author":1,"featured_media":0,"parent":0,"menu_order":0,"comment_status":"closed","ping_status":"closed","template":"","meta":{"_acf_changed":false,"footnotes":""},"class_list":["post-701","page","type-page","status-publish","hentry"],"acf":[],"yoast_head":"<!-- This site is optimized with the Yoast SEO plugin v24.4 - https:\/\/yoast.com\/wordpress\/plugins\/seo\/ -->\n<title>mentions l\u00e9gales - lexcab<\/title>\n<meta name=\"robots\" content=\"index, follow, max-snippet:-1, max-image-preview:large, max-video-preview:-1\" \/>\n<link rel=\"canonical\" href=\"https:\/\/lexcab.fr\/index.php\/mentions-legales\/\" \/>\n<meta property=\"og:locale\" content=\"en_US\" \/>\n<meta property=\"og:type\" content=\"article\" \/>\n<meta property=\"og:title\" content=\"mentions l\u00e9gales - lexcab\" \/>\n<meta property=\"og:description\" content=\"Mentions l\u00e9gales &nbsp; Qui sommes-nous ?&nbsp; Le site www.lexcab.fr est \u00e9dit\u00e9 par la soci\u00e9t\u00e9 LEXCAB, Soci\u00e9t\u00e9 d&#8217;exercice lib\u00e9ral par action simplifi\u00e9e au capital de 1.000,00 \u20ac, inscrite au barreau de Paris et inscrite au RCS de Paris sous le num\u00e9ro 887 671 352, dont le si\u00e8ge est situ\u00e9 190, boulevard Haussmann, 75008 Paris, Num\u00e9ro individuel [&hellip;]\" \/>\n<meta property=\"og:url\" content=\"https:\/\/lexcab.fr\/index.php\/mentions-legales\/\" \/>\n<meta property=\"og:site_name\" content=\"lexcab\" \/>\n<meta property=\"article:modified_time\" content=\"2025-07-11T16:18:21+00:00\" \/>\n<meta name=\"twitter:card\" content=\"summary_large_image\" \/>\n<meta name=\"twitter:label1\" content=\"Est. reading time\" \/>\n\t<meta name=\"twitter:data1\" content=\"2 minutes\" \/>\n<script type=\"application\/ld+json\" class=\"yoast-schema-graph\">{\"@context\":\"https:\/\/schema.org\",\"@graph\":[{\"@type\":[\"Article\",\"BlogPosting\"],\"@id\":\"https:\/\/lexcab.fr\/index.php\/mentions-legales\/#article\",\"isPartOf\":{\"@id\":\"https:\/\/lexcab.fr\/index.php\/mentions-legales\/\"},\"author\":{\"name\":\"admin7933\",\"@id\":\"https:\/\/lexcab.fr\/#\/schema\/person\/9a8a307596882214cf7eb6c6e09c3fd1\"},\"headline\":\"mentions l\u00e9gales\",\"datePublished\":\"2025-01-12T15:17:01+00:00\",\"dateModified\":\"2025-07-11T16:18:21+00:00\",\"mainEntityOfPage\":{\"@id\":\"https:\/\/lexcab.fr\/index.php\/mentions-legales\/\"},\"wordCount\":393,\"publisher\":{\"@id\":\"https:\/\/lexcab.fr\/#organization\"},\"inLanguage\":\"en-US\"},{\"@type\":\"WebPage\",\"@id\":\"https:\/\/lexcab.fr\/index.php\/mentions-legales\/\",\"url\":\"https:\/\/lexcab.fr\/index.php\/mentions-legales\/\",\"name\":\"mentions l\u00e9gales - lexcab\",\"isPartOf\":{\"@id\":\"https:\/\/lexcab.fr\/#website\"},\"datePublished\":\"2025-01-12T15:17:01+00:00\",\"dateModified\":\"2025-07-11T16:18:21+00:00\",\"breadcrumb\":{\"@id\":\"https:\/\/lexcab.fr\/index.php\/mentions-legales\/#breadcrumb\"},\"inLanguage\":\"en-US\",\"potentialAction\":[{\"@type\":\"ReadAction\",\"target\":[\"https:\/\/lexcab.fr\/index.php\/mentions-legales\/\"]}]},{\"@type\":\"BreadcrumbList\",\"@id\":\"https:\/\/lexcab.fr\/index.php\/mentions-legales\/#breadcrumb\",\"itemListElement\":[{\"@type\":\"ListItem\",\"position\":1,\"name\":\"Home\",\"item\":\"https:\/\/lexcab.fr\/\"},{\"@type\":\"ListItem\",\"position\":2,\"name\":\"mentions l\u00e9gales\"}]},{\"@type\":\"WebSite\",\"@id\":\"https:\/\/lexcab.fr\/#website\",\"url\":\"https:\/\/lexcab.fr\/\",\"name\":\"Lexcab avocat immobilier digital\",\"description\":\"\",\"publisher\":{\"@id\":\"https:\/\/lexcab.fr\/#organization\"},\"potentialAction\":[{\"@type\":\"SearchAction\",\"target\":{\"@type\":\"EntryPoint\",\"urlTemplate\":\"https:\/\/lexcab.fr\/?s={search_term_string}\"},\"query-input\":{\"@type\":\"PropertyValueSpecification\",\"valueRequired\":true,\"valueName\":\"search_term_string\"}}],\"inLanguage\":\"en-US\"},{\"@type\":\"Organization\",\"@id\":\"https:\/\/lexcab.fr\/#organization\",\"name\":\"Lexcab\",\"alternateName\":\"Cabinet d'avocat Immobilier num\u00e9rique digital\",\"url\":\"https:\/\/lexcab.fr\/\",\"logo\":{\"@type\":\"ImageObject\",\"inLanguage\":\"en-US\",\"@id\":\"https:\/\/lexcab.fr\/#\/schema\/logo\/image\/\",\"url\":\"https:\/\/lexcab.fr\/wp-content\/uploads\/2024\/11\/cropped-booster-la-com-des-profession-juridiques-et-locales3-1.png\",\"contentUrl\":\"https:\/\/lexcab.fr\/wp-content\/uploads\/2024\/11\/cropped-booster-la-com-des-profession-juridiques-et-locales3-1.png\",\"width\":1024,\"height\":364,\"caption\":\"Lexcab\"},\"image\":{\"@id\":\"https:\/\/lexcab.fr\/#\/schema\/logo\/image\/\"}},{\"@type\":\"Person\",\"@id\":\"https:\/\/lexcab.fr\/#\/schema\/person\/9a8a307596882214cf7eb6c6e09c3fd1\",\"name\":\"admin7933\",\"image\":{\"@type\":\"ImageObject\",\"inLanguage\":\"en-US\",\"@id\":\"https:\/\/lexcab.fr\/#\/schema\/person\/image\/\",\"url\":\"https:\/\/secure.gravatar.com\/avatar\/7544270a409a59b14626529eb07b3b9fd9d94f7ffeceb5fe7b2710ba76b79bd3?s=96&d=mm&r=g\",\"contentUrl\":\"https:\/\/secure.gravatar.com\/avatar\/7544270a409a59b14626529eb07b3b9fd9d94f7ffeceb5fe7b2710ba76b79bd3?s=96&d=mm&r=g\",\"caption\":\"admin7933\"},\"sameAs\":[\"http:\/\/lexcab.fr\"],\"url\":\"https:\/\/lexcab.fr\/index.php\/author\/admin7933\/\"}]}<\/script>\n<!-- \/ Yoast SEO plugin. -->","yoast_head_json":{"title":"mentions l\u00e9gales - lexcab","robots":{"index":"index","follow":"follow","max-snippet":"max-snippet:-1","max-image-preview":"max-image-preview:large","max-video-preview":"max-video-preview:-1"},"canonical":"https:\/\/lexcab.fr\/index.php\/mentions-legales\/","og_locale":"en_US","og_type":"article","og_title":"mentions l\u00e9gales - lexcab","og_description":"Mentions l\u00e9gales &nbsp; Qui sommes-nous ?&nbsp; Le site www.lexcab.fr est \u00e9dit\u00e9 par la soci\u00e9t\u00e9 LEXCAB, Soci\u00e9t\u00e9 d&#8217;exercice lib\u00e9ral par action simplifi\u00e9e au capital de 1.000,00 \u20ac, inscrite au barreau de Paris et inscrite au RCS de Paris sous le num\u00e9ro 887 671 352, dont le si\u00e8ge est situ\u00e9 190, boulevard Haussmann, 75008 Paris, Num\u00e9ro individuel [&hellip;]","og_url":"https:\/\/lexcab.fr\/index.php\/mentions-legales\/","og_site_name":"lexcab","article_modified_time":"2025-07-11T16:18:21+00:00","twitter_card":"summary_large_image","twitter_misc":{"Est. reading time":"2 minutes"},"schema":{"@context":"https:\/\/schema.org","@graph":[{"@type":["Article","BlogPosting"],"@id":"https:\/\/lexcab.fr\/index.php\/mentions-legales\/#article","isPartOf":{"@id":"https:\/\/lexcab.fr\/index.php\/mentions-legales\/"},"author":{"name":"admin7933","@id":"https:\/\/lexcab.fr\/#\/schema\/person\/9a8a307596882214cf7eb6c6e09c3fd1"},"headline":"mentions l\u00e9gales","datePublished":"2025-01-12T15:17:01+00:00","dateModified":"2025-07-11T16:18:21+00:00","mainEntityOfPage":{"@id":"https:\/\/lexcab.fr\/index.php\/mentions-legales\/"},"wordCount":393,"publisher":{"@id":"https:\/\/lexcab.fr\/#organization"},"inLanguage":"en-US"},{"@type":"WebPage","@id":"https:\/\/lexcab.fr\/index.php\/mentions-legales\/","url":"https:\/\/lexcab.fr\/index.php\/mentions-legales\/","name":"mentions l\u00e9gales - lexcab","isPartOf":{"@id":"https:\/\/lexcab.fr\/#website"},"datePublished":"2025-01-12T15:17:01+00:00","dateModified":"2025-07-11T16:18:21+00:00","breadcrumb":{"@id":"https:\/\/lexcab.fr\/index.php\/mentions-legales\/#breadcrumb"},"inLanguage":"en-US","potentialAction":[{"@type":"ReadAction","target":["https:\/\/lexcab.fr\/index.php\/mentions-legales\/"]}]},{"@type":"BreadcrumbList","@id":"https:\/\/lexcab.fr\/index.php\/mentions-legales\/#breadcrumb","itemListElement":[{"@type":"ListItem","position":1,"name":"Home","item":"https:\/\/lexcab.fr\/"},{"@type":"ListItem","position":2,"name":"mentions l\u00e9gales"}]},{"@type":"WebSite","@id":"https:\/\/lexcab.fr\/#website","url":"https:\/\/lexcab.fr\/","name":"Lexcab avocat immobilier digital","description":"","publisher":{"@id":"https:\/\/lexcab.fr\/#organization"},"potentialAction":[{"@type":"SearchAction","target":{"@type":"EntryPoint","urlTemplate":"https:\/\/lexcab.fr\/?s={search_term_string}"},"query-input":{"@type":"PropertyValueSpecification","valueRequired":true,"valueName":"search_term_string"}}],"inLanguage":"en-US"},{"@type":"Organization","@id":"https:\/\/lexcab.fr\/#organization","name":"Lexcab","alternateName":"Cabinet d'avocat Immobilier num\u00e9rique digital","url":"https:\/\/lexcab.fr\/","logo":{"@type":"ImageObject","inLanguage":"en-US","@id":"https:\/\/lexcab.fr\/#\/schema\/logo\/image\/","url":"https:\/\/lexcab.fr\/wp-content\/uploads\/2024\/11\/cropped-booster-la-com-des-profession-juridiques-et-locales3-1.png","contentUrl":"https:\/\/lexcab.fr\/wp-content\/uploads\/2024\/11\/cropped-booster-la-com-des-profession-juridiques-et-locales3-1.png","width":1024,"height":364,"caption":"Lexcab"},"image":{"@id":"https:\/\/lexcab.fr\/#\/schema\/logo\/image\/"}},{"@type":"Person","@id":"https:\/\/lexcab.fr\/#\/schema\/person\/9a8a307596882214cf7eb6c6e09c3fd1","name":"admin7933","image":{"@type":"ImageObject","inLanguage":"en-US","@id":"https:\/\/lexcab.fr\/#\/schema\/person\/image\/","url":"https:\/\/secure.gravatar.com\/avatar\/7544270a409a59b14626529eb07b3b9fd9d94f7ffeceb5fe7b2710ba76b79bd3?s=96&d=mm&r=g","contentUrl":"https:\/\/secure.gravatar.com\/avatar\/7544270a409a59b14626529eb07b3b9fd9d94f7ffeceb5fe7b2710ba76b79bd3?s=96&d=mm&r=g","caption":"admin7933"},"sameAs":["http:\/\/lexcab.fr"],"url":"https:\/\/lexcab.fr\/index.php\/author\/admin7933\/"}]}},"_links":{"self":[{"href":"https:\/\/lexcab.fr\/index.php\/wp-json\/wp\/v2\/pages\/701","targetHints":{"allow":["GET"]}}],"collection":[{"href":"https:\/\/lexcab.fr\/index.php\/wp-json\/wp\/v2\/pages"}],"about":[{"href":"https:\/\/lexcab.fr\/index.php\/wp-json\/wp\/v2\/types\/page"}],"author":[{"embeddable":true,"href":"https:\/\/lexcab.fr\/index.php\/wp-json\/wp\/v2\/users\/1"}],"replies":[{"embeddable":true,"href":"https:\/\/lexcab.fr\/index.php\/wp-json\/wp\/v2\/comments?post=701"}],"version-history":[{"count":26,"href":"https:\/\/lexcab.fr\/index.php\/wp-json\/wp\/v2\/pages\/701\/revisions"}],"predecessor-version":[{"id":995,"href":"https:\/\/lexcab.fr\/index.php\/wp-json\/wp\/v2\/pages\/701\/revisions\/995"}],"wp:attachment":[{"href":"https:\/\/lexcab.fr\/index.php\/wp-json\/wp\/v2\/media?parent=701"}],"curies":[{"name":"wp","href":"https:\/\/api.w.org\/{rel}","templated":true}]}}