{"id":23,"date":"2024-11-05T10:54:19","date_gmt":"2024-11-05T09:54:19","guid":{"rendered":"https:\/\/lexcab.fr\/?page_id=23"},"modified":"2025-01-28T16:36:22","modified_gmt":"2025-01-28T15:36:22","slug":"contact-avocat-droit-immobilier-droit-numerique-et-digital","status":"publish","type":"page","link":"https:\/\/lexcab.fr\/index.php\/contact-avocat-droit-immobilier-droit-numerique-et-digital\/","title":{"rendered":"Contact"},"content":{"rendered":"\t\t<div data-elementor-type=\"wp-page\" data-elementor-id=\"23\" class=\"elementor elementor-23\" data-elementor-post-type=\"page\">\n\t\t\t\t<div class=\"elementor-element elementor-element-4e7919ce e-flex e-con-boxed e-con e-parent\" data-id=\"4e7919ce\" data-element_type=\"container\" data-e-type=\"container\" data-settings=\"{&quot;background_background&quot;:&quot;slideshow&quot;,&quot;background_slideshow_gallery&quot;:[{&quot;id&quot;:186,&quot;url&quot;:&quot;http:\\\/\\\/lexcab.fr\\\/wp-content\\\/uploads\\\/2024\\\/11\\\/man-5806012_1280.jpg&quot;}],&quot;background_slideshow_loop&quot;:&quot;yes&quot;,&quot;background_slideshow_slide_duration&quot;:5000,&quot;background_slideshow_slide_transition&quot;:&quot;fade&quot;,&quot;background_slideshow_transition_duration&quot;:500}\">\n\t\t\t\t\t<div class=\"e-con-inner\">\n\t\t\t\t<div class=\"elementor-element elementor-element-6513a4c elementor-widget__width-initial elementor-widget elementor-widget-heading\" data-id=\"6513a4c\" data-element_type=\"widget\" data-e-type=\"widget\" data-widget_type=\"heading.default\">\n\t\t\t\t<div class=\"elementor-widget-container\">\n\t\t\t\t\t<h2 class=\"elementor-heading-title elementor-size-default\">Contacter Lexcab<\/h2>\t\t\t\t<\/div>\n\t\t\t\t<\/div>\n\t\t\t\t\t<\/div>\n\t\t\t\t<\/div>\n\t\t<div class=\"elementor-element elementor-element-9857580 e-flex e-con-boxed e-con e-parent\" data-id=\"9857580\" data-element_type=\"container\" data-e-type=\"container\">\n\t\t\t\t\t<div class=\"e-con-inner\">\n\t\t<div class=\"elementor-element elementor-element-ec8fdb9 e-con-full e-flex e-con e-child\" data-id=\"ec8fdb9\" data-element_type=\"container\" data-e-type=\"container\" data-settings=\"{&quot;background_background&quot;:&quot;classic&quot;}\">\n\t\t\t\t<\/div>\n\t\t<div class=\"elementor-element elementor-element-620df42 e-con-full e-flex e-con e-child\" data-id=\"620df42\" data-element_type=\"container\" data-e-type=\"container\">\n\t\t<div class=\"elementor-element elementor-element-40e33d8 e-con-full e-flex e-con e-child\" data-id=\"40e33d8\" data-element_type=\"container\" data-e-type=\"container\">\n\t\t\t\t<div class=\"elementor-element elementor-element-282d813 elementor-view-default elementor-widget elementor-widget-icon\" data-id=\"282d813\" data-element_type=\"widget\" data-e-type=\"widget\" data-widget_type=\"icon.default\">\n\t\t\t\t<div class=\"elementor-widget-container\">\n\t\t\t\t\t\t\t<div class=\"elementor-icon-wrapper\">\n\t\t\t<a class=\"elementor-icon\" href=\"mailto:hello@lexcab.fr\">\n\t\t\t<svg aria-hidden=\"true\" class=\"e-font-icon-svg e-far-paper-plane\" viewBox=\"0 0 512 512\" xmlns=\"http:\/\/www.w3.org\/2000\/svg\"><path d=\"M440 6.5L24 246.4c-34.4 19.9-31.1 70.8 5.7 85.9L144 379.6V464c0 46.4 59.2 65.5 86.6 28.6l43.8-59.1 111.9 46.2c5.9 2.4 12.1 3.6 18.3 3.6 8.2 0 16.3-2.1 23.6-6.2 12.8-7.2 21.6-20 23.9-34.5l59.4-387.2c6.1-40.1-36.9-68.8-71.5-48.9zM192 464v-64.6l36.6 15.1L192 464zm212.6-28.7l-153.8-63.5L391 169.5c10.7-15.5-9.5-33.5-23.7-21.2L155.8 332.6 48 288 464 48l-59.4 387.3z\"><\/path><\/svg>\t\t\t<\/a>\n\t\t<\/div>\n\t\t\t\t\t\t<\/div>\n\t\t\t\t<\/div>\n\t\t\t\t<div class=\"elementor-element elementor-element-48606eb elementor-widget elementor-widget-heading\" data-id=\"48606eb\" data-element_type=\"widget\" data-e-type=\"widget\" data-widget_type=\"heading.default\">\n\t\t\t\t<div class=\"elementor-widget-container\">\n\t\t\t\t\t<h2 class=\"elementor-heading-title elementor-size-default\"><a href=\"mailto:hello@lexcab.fr\" target=\"_blank\">hello@lexcab.fr<\/a><\/h2>\t\t\t\t<\/div>\n\t\t\t\t<\/div>\n\t\t\t\t<\/div>\n\t\t\t\t<\/div>\n\t\t<div class=\"elementor-element elementor-element-2b13309 e-con-full e-flex e-con e-child\" data-id=\"2b13309\" data-element_type=\"container\" data-e-type=\"container\">\n\t\t<div class=\"elementor-element elementor-element-e6b89e8 e-con-full e-flex e-con e-child\" data-id=\"e6b89e8\" data-element_type=\"container\" data-e-type=\"container\">\n\t\t\t\t<div class=\"elementor-element elementor-element-bb6d6ae elementor-view-default elementor-widget elementor-widget-icon\" data-id=\"bb6d6ae\" data-element_type=\"widget\" data-e-type=\"widget\" data-widget_type=\"icon.default\">\n\t\t\t\t<div class=\"elementor-widget-container\">\n\t\t\t\t\t\t\t<div class=\"elementor-icon-wrapper\">\n\t\t\t<a class=\"elementor-icon\" href=\"tel:0618051473\" target=\"_blank\">\n\t\t\t<svg aria-hidden=\"true\" class=\"e-font-icon-svg e-fas-phone\" viewBox=\"0 0 512 512\" xmlns=\"http:\/\/www.w3.org\/2000\/svg\"><path d=\"M493.4 24.6l-104-24c-11.3-2.6-22.9 3.3-27.5 13.9l-48 112c-4.2 9.8-1.4 21.3 6.9 28l60.6 49.6c-36 76.7-98.9 140.5-177.2 177.2l-49.6-60.6c-6.8-8.3-18.2-11.1-28-6.9l-112 48C3.9 366.5-2 378.1.6 389.4l24 104C27.1 504.2 36.7 512 48 512c256.1 0 464-207.5 464-464 0-11.2-7.7-20.9-18.6-23.4z\"><\/path><\/svg>\t\t\t<\/a>\n\t\t<\/div>\n\t\t\t\t\t\t<\/div>\n\t\t\t\t<\/div>\n\t\t\t\t<div class=\"elementor-element elementor-element-e4c1817 elementor-widget elementor-widget-heading\" data-id=\"e4c1817\" data-element_type=\"widget\" data-e-type=\"widget\" data-widget_type=\"heading.default\">\n\t\t\t\t<div class=\"elementor-widget-container\">\n\t\t\t\t\t<h2 class=\"elementor-heading-title elementor-size-default\"><a href=\"tel:0618051473\" target=\"_blank\">+33 (0)6 20 38 28 44<\/a><\/h2>\t\t\t\t<\/div>\n\t\t\t\t<\/div>\n\t\t\t\t<\/div>\n\t\t\t\t<\/div>\n\t\t<div class=\"elementor-element elementor-element-edd9b2a e-con-full e-flex e-con e-child\" data-id=\"edd9b2a\" data-element_type=\"container\" data-e-type=\"container\">\n\t\t\t\t<div class=\"elementor-element elementor-element-b16e341 elementor-widget elementor-widget-spacer\" data-id=\"b16e341\" data-element_type=\"widget\" data-e-type=\"widget\" data-widget_type=\"spacer.default\">\n\t\t\t\t<div class=\"elementor-widget-container\">\n\t\t\t\t\t\t\t<div class=\"elementor-spacer\">\n\t\t\t<div class=\"elementor-spacer-inner\"><\/div>\n\t\t<\/div>\n\t\t\t\t\t\t<\/div>\n\t\t\t\t<\/div>\n\t\t\t\t<div class=\"elementor-element elementor-element-f0fa651 elementor-widget elementor-widget-heading\" data-id=\"f0fa651\" data-element_type=\"widget\" data-e-type=\"widget\" data-widget_type=\"heading.default\">\n\t\t\t\t<div class=\"elementor-widget-container\">\n\t\t\t\t\t<h2 class=\"elementor-heading-title elementor-size-default\">Le cabinet<\/h2>\t\t\t\t<\/div>\n\t\t\t\t<\/div>\n\t\t\t\t<div class=\"elementor-element elementor-element-7794aaf elementor-widget elementor-widget-heading\" data-id=\"7794aaf\" data-element_type=\"widget\" data-e-type=\"widget\" data-widget_type=\"heading.default\">\n\t\t\t\t<div class=\"elementor-widget-container\">\n\t\t\t\t\t<h2 class=\"elementor-heading-title elementor-size-default\">74 rue de la F\u00e9d\u00e9ration,75015 Paris FRANCE<\/h2>\t\t\t\t<\/div>\n\t\t\t\t<\/div>\n\t\t\t\t<\/div>\n\t\t<div class=\"elementor-element elementor-element-7c9017b e-con-full e-flex e-con e-child\" data-id=\"7c9017b\" data-element_type=\"container\" data-e-type=\"container\">\n\t\t\t\t<div class=\"elementor-element elementor-element-38cfa2a elementor-widget elementor-widget-spacer\" data-id=\"38cfa2a\" data-element_type=\"widget\" data-e-type=\"widget\" data-widget_type=\"spacer.default\">\n\t\t\t\t<div class=\"elementor-widget-container\">\n\t\t\t\t\t\t\t<div class=\"elementor-spacer\">\n\t\t\t<div class=\"elementor-spacer-inner\"><\/div>\n\t\t<\/div>\n\t\t\t\t\t\t<\/div>\n\t\t\t\t<\/div>\n\t\t\t\t<div class=\"elementor-element elementor-element-c2b13a6 elementor-widget elementor-widget-google_maps\" data-id=\"c2b13a6\" data-element_type=\"widget\" data-e-type=\"widget\" data-widget_type=\"google_maps.default\">\n\t\t\t\t<div class=\"elementor-widget-container\">\n\t\t\t\t\t\t\t<div class=\"elementor-custom-embed\">\n\t\t\t<iframe loading=\"lazy\"\n\t\t\t\t\tsrc=\"https:\/\/maps.google.com\/maps?q=France%2C%2074%20rue%20de%20la%20f%C3%A9d%C3%A9ration%2C%20paris%2075015&#038;t=m&#038;z=8&#038;output=embed&#038;iwloc=near\"\n\t\t\t\t\ttitle=\"France, 74 rue de la f\u00e9d\u00e9ration, paris 75015\"\n\t\t\t\t\taria-label=\"France, 74 rue de la f\u00e9d\u00e9ration, paris 75015\"\n\t\t\t><\/iframe>\n\t\t<\/div>\n\t\t\t\t\t\t<\/div>\n\t\t\t\t<\/div>\n\t\t\t\t<\/div>\n\t\t\t\t\t<\/div>\n\t\t\t\t<\/div>\n\t\t\t\t<\/div>\n\t\t","protected":false},"excerpt":{"rendered":"<p>Contacter Lexcab hello@lexcab.fr +33 (0)6 20 38 28 44 Le cabinet 74 rue de la F\u00e9d\u00e9ration,75015 Paris FRANCE<\/p>\n","protected":false},"author":1,"featured_media":0,"parent":0,"menu_order":0,"comment_status":"closed","ping_status":"closed","template":"","meta":{"_acf_changed":false,"footnotes":""},"class_list":["post-23","page","type-page","status-publish","hentry"],"acf":[],"yoast_head":"<!-- This site is optimized with the Yoast SEO plugin v24.4 - https:\/\/yoast.com\/wordpress\/plugins\/seo\/ -->\n<title>Lexacab avocat expert en droit immobilier du num\u00e9rique et digital<\/title>\n<meta name=\"description\" content=\"Lexcab, c&#039;est le cabinet d&#039;avocat en droit immobilier, du num\u00e9rique et digital. Nous s\u00e9curisons votre croissance. Nous contacter.\" \/>\n<meta name=\"robots\" content=\"index, follow, max-snippet:-1, max-image-preview:large, max-video-preview:-1\" \/>\n<link rel=\"canonical\" href=\"https:\/\/lexcab.fr\/index.php\/contact-avocat-droit-immobilier-droit-numerique-et-digital\/\" \/>\n<meta property=\"og:locale\" content=\"en_US\" \/>\n<meta property=\"og:type\" content=\"article\" \/>\n<meta property=\"og:title\" content=\"Lexacab avocat expert en droit immobilier du num\u00e9rique et digital\" \/>\n<meta property=\"og:description\" content=\"Lexcab, c&#039;est le cabinet d&#039;avocat en droit immobilier, du num\u00e9rique et digital. Nous s\u00e9curisons votre croissance. Nous contacter.\" \/>\n<meta property=\"og:url\" content=\"https:\/\/lexcab.fr\/index.php\/contact-avocat-droit-immobilier-droit-numerique-et-digital\/\" \/>\n<meta property=\"og:site_name\" content=\"lexcab\" \/>\n<meta property=\"article:modified_time\" content=\"2025-01-28T15:36:22+00:00\" \/>\n<meta name=\"twitter:card\" content=\"summary_large_image\" \/>\n<meta name=\"twitter:label1\" content=\"Est. reading time\" \/>\n\t<meta name=\"twitter:data1\" content=\"1 minute\" \/>\n<script type=\"application\/ld+json\" class=\"yoast-schema-graph\">{\"@context\":\"https:\/\/schema.org\",\"@graph\":[{\"@type\":[\"Article\",\"BlogPosting\"],\"@id\":\"https:\/\/lexcab.fr\/index.php\/contact-avocat-droit-immobilier-droit-numerique-et-digital\/#article\",\"isPartOf\":{\"@id\":\"https:\/\/lexcab.fr\/index.php\/contact-avocat-droit-immobilier-droit-numerique-et-digital\/\"},\"author\":{\"name\":\"admin7933\",\"@id\":\"https:\/\/lexcab.fr\/#\/schema\/person\/9a8a307596882214cf7eb6c6e09c3fd1\"},\"headline\":\"Contact\",\"datePublished\":\"2024-11-05T09:54:19+00:00\",\"dateModified\":\"2025-01-28T15:36:22+00:00\",\"mainEntityOfPage\":{\"@id\":\"https:\/\/lexcab.fr\/index.php\/contact-avocat-droit-immobilier-droit-numerique-et-digital\/\"},\"wordCount\":16,\"publisher\":{\"@id\":\"https:\/\/lexcab.fr\/#organization\"},\"inLanguage\":\"en-US\"},{\"@type\":\"WebPage\",\"@id\":\"https:\/\/lexcab.fr\/index.php\/contact-avocat-droit-immobilier-droit-numerique-et-digital\/\",\"url\":\"https:\/\/lexcab.fr\/index.php\/contact-avocat-droit-immobilier-droit-numerique-et-digital\/\",\"name\":\"Lexacab avocat expert en droit immobilier du num\u00e9rique et digital\",\"isPartOf\":{\"@id\":\"https:\/\/lexcab.fr\/#website\"},\"datePublished\":\"2024-11-05T09:54:19+00:00\",\"dateModified\":\"2025-01-28T15:36:22+00:00\",\"description\":\"Lexcab, c'est le cabinet d'avocat en droit immobilier, du num\u00e9rique et digital. Nous s\u00e9curisons votre croissance. Nous contacter.\",\"breadcrumb\":{\"@id\":\"https:\/\/lexcab.fr\/index.php\/contact-avocat-droit-immobilier-droit-numerique-et-digital\/#breadcrumb\"},\"inLanguage\":\"en-US\",\"potentialAction\":[{\"@type\":\"ReadAction\",\"target\":[\"https:\/\/lexcab.fr\/index.php\/contact-avocat-droit-immobilier-droit-numerique-et-digital\/\"]}]},{\"@type\":\"BreadcrumbList\",\"@id\":\"https:\/\/lexcab.fr\/index.php\/contact-avocat-droit-immobilier-droit-numerique-et-digital\/#breadcrumb\",\"itemListElement\":[{\"@type\":\"ListItem\",\"position\":1,\"name\":\"Home\",\"item\":\"https:\/\/lexcab.fr\/\"},{\"@type\":\"ListItem\",\"position\":2,\"name\":\"Contact\"}]},{\"@type\":\"WebSite\",\"@id\":\"https:\/\/lexcab.fr\/#website\",\"url\":\"https:\/\/lexcab.fr\/\",\"name\":\"Lexcab avocat immobilier digital\",\"description\":\"\",\"publisher\":{\"@id\":\"https:\/\/lexcab.fr\/#organization\"},\"potentialAction\":[{\"@type\":\"SearchAction\",\"target\":{\"@type\":\"EntryPoint\",\"urlTemplate\":\"https:\/\/lexcab.fr\/?s={search_term_string}\"},\"query-input\":{\"@type\":\"PropertyValueSpecification\",\"valueRequired\":true,\"valueName\":\"search_term_string\"}}],\"inLanguage\":\"en-US\"},{\"@type\":\"Organization\",\"@id\":\"https:\/\/lexcab.fr\/#organization\",\"name\":\"Lexcab\",\"alternateName\":\"Cabinet d'avocat Immobilier num\u00e9rique digital\",\"url\":\"https:\/\/lexcab.fr\/\",\"logo\":{\"@type\":\"ImageObject\",\"inLanguage\":\"en-US\",\"@id\":\"https:\/\/lexcab.fr\/#\/schema\/logo\/image\/\",\"url\":\"https:\/\/lexcab.fr\/wp-content\/uploads\/2024\/11\/cropped-booster-la-com-des-profession-juridiques-et-locales3-1.png\",\"contentUrl\":\"https:\/\/lexcab.fr\/wp-content\/uploads\/2024\/11\/cropped-booster-la-com-des-profession-juridiques-et-locales3-1.png\",\"width\":1024,\"height\":364,\"caption\":\"Lexcab\"},\"image\":{\"@id\":\"https:\/\/lexcab.fr\/#\/schema\/logo\/image\/\"}},{\"@type\":\"Person\",\"@id\":\"https:\/\/lexcab.fr\/#\/schema\/person\/9a8a307596882214cf7eb6c6e09c3fd1\",\"name\":\"admin7933\",\"image\":{\"@type\":\"ImageObject\",\"inLanguage\":\"en-US\",\"@id\":\"https:\/\/lexcab.fr\/#\/schema\/person\/image\/\",\"url\":\"https:\/\/secure.gravatar.com\/avatar\/7544270a409a59b14626529eb07b3b9fd9d94f7ffeceb5fe7b2710ba76b79bd3?s=96&d=mm&r=g\",\"contentUrl\":\"https:\/\/secure.gravatar.com\/avatar\/7544270a409a59b14626529eb07b3b9fd9d94f7ffeceb5fe7b2710ba76b79bd3?s=96&d=mm&r=g\",\"caption\":\"admin7933\"},\"sameAs\":[\"http:\/\/lexcab.fr\"],\"url\":\"https:\/\/lexcab.fr\/index.php\/author\/admin7933\/\"}]}<\/script>\n<!-- \/ Yoast SEO plugin. -->","yoast_head_json":{"title":"Lexacab avocat expert en droit immobilier du num\u00e9rique et digital","description":"Lexcab, c'est le cabinet d'avocat en droit immobilier, du num\u00e9rique et digital. Nous s\u00e9curisons votre croissance. Nous contacter.","robots":{"index":"index","follow":"follow","max-snippet":"max-snippet:-1","max-image-preview":"max-image-preview:large","max-video-preview":"max-video-preview:-1"},"canonical":"https:\/\/lexcab.fr\/index.php\/contact-avocat-droit-immobilier-droit-numerique-et-digital\/","og_locale":"en_US","og_type":"article","og_title":"Lexacab avocat expert en droit immobilier du num\u00e9rique et digital","og_description":"Lexcab, c'est le cabinet d'avocat en droit immobilier, du num\u00e9rique et digital. Nous s\u00e9curisons votre croissance. Nous contacter.","og_url":"https:\/\/lexcab.fr\/index.php\/contact-avocat-droit-immobilier-droit-numerique-et-digital\/","og_site_name":"lexcab","article_modified_time":"2025-01-28T15:36:22+00:00","twitter_card":"summary_large_image","twitter_misc":{"Est. reading time":"1 minute"},"schema":{"@context":"https:\/\/schema.org","@graph":[{"@type":["Article","BlogPosting"],"@id":"https:\/\/lexcab.fr\/index.php\/contact-avocat-droit-immobilier-droit-numerique-et-digital\/#article","isPartOf":{"@id":"https:\/\/lexcab.fr\/index.php\/contact-avocat-droit-immobilier-droit-numerique-et-digital\/"},"author":{"name":"admin7933","@id":"https:\/\/lexcab.fr\/#\/schema\/person\/9a8a307596882214cf7eb6c6e09c3fd1"},"headline":"Contact","datePublished":"2024-11-05T09:54:19+00:00","dateModified":"2025-01-28T15:36:22+00:00","mainEntityOfPage":{"@id":"https:\/\/lexcab.fr\/index.php\/contact-avocat-droit-immobilier-droit-numerique-et-digital\/"},"wordCount":16,"publisher":{"@id":"https:\/\/lexcab.fr\/#organization"},"inLanguage":"en-US"},{"@type":"WebPage","@id":"https:\/\/lexcab.fr\/index.php\/contact-avocat-droit-immobilier-droit-numerique-et-digital\/","url":"https:\/\/lexcab.fr\/index.php\/contact-avocat-droit-immobilier-droit-numerique-et-digital\/","name":"Lexacab avocat expert en droit immobilier du num\u00e9rique et digital","isPartOf":{"@id":"https:\/\/lexcab.fr\/#website"},"datePublished":"2024-11-05T09:54:19+00:00","dateModified":"2025-01-28T15:36:22+00:00","description":"Lexcab, c'est le cabinet d'avocat en droit immobilier, du num\u00e9rique et digital. Nous s\u00e9curisons votre croissance. Nous contacter.","breadcrumb":{"@id":"https:\/\/lexcab.fr\/index.php\/contact-avocat-droit-immobilier-droit-numerique-et-digital\/#breadcrumb"},"inLanguage":"en-US","potentialAction":[{"@type":"ReadAction","target":["https:\/\/lexcab.fr\/index.php\/contact-avocat-droit-immobilier-droit-numerique-et-digital\/"]}]},{"@type":"BreadcrumbList","@id":"https:\/\/lexcab.fr\/index.php\/contact-avocat-droit-immobilier-droit-numerique-et-digital\/#breadcrumb","itemListElement":[{"@type":"ListItem","position":1,"name":"Home","item":"https:\/\/lexcab.fr\/"},{"@type":"ListItem","position":2,"name":"Contact"}]},{"@type":"WebSite","@id":"https:\/\/lexcab.fr\/#website","url":"https:\/\/lexcab.fr\/","name":"Lexcab avocat immobilier digital","description":"","publisher":{"@id":"https:\/\/lexcab.fr\/#organization"},"potentialAction":[{"@type":"SearchAction","target":{"@type":"EntryPoint","urlTemplate":"https:\/\/lexcab.fr\/?s={search_term_string}"},"query-input":{"@type":"PropertyValueSpecification","valueRequired":true,"valueName":"search_term_string"}}],"inLanguage":"en-US"},{"@type":"Organization","@id":"https:\/\/lexcab.fr\/#organization","name":"Lexcab","alternateName":"Cabinet d'avocat Immobilier num\u00e9rique digital","url":"https:\/\/lexcab.fr\/","logo":{"@type":"ImageObject","inLanguage":"en-US","@id":"https:\/\/lexcab.fr\/#\/schema\/logo\/image\/","url":"https:\/\/lexcab.fr\/wp-content\/uploads\/2024\/11\/cropped-booster-la-com-des-profession-juridiques-et-locales3-1.png","contentUrl":"https:\/\/lexcab.fr\/wp-content\/uploads\/2024\/11\/cropped-booster-la-com-des-profession-juridiques-et-locales3-1.png","width":1024,"height":364,"caption":"Lexcab"},"image":{"@id":"https:\/\/lexcab.fr\/#\/schema\/logo\/image\/"}},{"@type":"Person","@id":"https:\/\/lexcab.fr\/#\/schema\/person\/9a8a307596882214cf7eb6c6e09c3fd1","name":"admin7933","image":{"@type":"ImageObject","inLanguage":"en-US","@id":"https:\/\/lexcab.fr\/#\/schema\/person\/image\/","url":"https:\/\/secure.gravatar.com\/avatar\/7544270a409a59b14626529eb07b3b9fd9d94f7ffeceb5fe7b2710ba76b79bd3?s=96&d=mm&r=g","contentUrl":"https:\/\/secure.gravatar.com\/avatar\/7544270a409a59b14626529eb07b3b9fd9d94f7ffeceb5fe7b2710ba76b79bd3?s=96&d=mm&r=g","caption":"admin7933"},"sameAs":["http:\/\/lexcab.fr"],"url":"https:\/\/lexcab.fr\/index.php\/author\/admin7933\/"}]}},"_links":{"self":[{"href":"https:\/\/lexcab.fr\/index.php\/wp-json\/wp\/v2\/pages\/23","targetHints":{"allow":["GET"]}}],"collection":[{"href":"https:\/\/lexcab.fr\/index.php\/wp-json\/wp\/v2\/pages"}],"about":[{"href":"https:\/\/lexcab.fr\/index.php\/wp-json\/wp\/v2\/types\/page"}],"author":[{"embeddable":true,"href":"https:\/\/lexcab.fr\/index.php\/wp-json\/wp\/v2\/users\/1"}],"replies":[{"embeddable":true,"href":"https:\/\/lexcab.fr\/index.php\/wp-json\/wp\/v2\/comments?post=23"}],"version-history":[{"count":26,"href":"https:\/\/lexcab.fr\/index.php\/wp-json\/wp\/v2\/pages\/23\/revisions"}],"predecessor-version":[{"id":782,"href":"https:\/\/lexcab.fr\/index.php\/wp-json\/wp\/v2\/pages\/23\/revisions\/782"}],"wp:attachment":[{"href":"https:\/\/lexcab.fr\/index.php\/wp-json\/wp\/v2\/media?parent=23"}],"curies":[{"name":"wp","href":"https:\/\/api.w.org\/{rel}","templated":true}]}}